ase 16?
-bf46
-3e8 (base 15) to base 8
-1575
Convert -143453 (base 6) to base 9.
-20816
Convert 310213 (base 4) to base 11.
2591
Convert 1524 (base 6) to base 16.
19c
Convert -592 (base 11) to base 8.
-1302
What is -112025 (base 6) in base 16?
-2531
What is -3c (base 16) in base 6?
-140
-597 (base 11) to base 5
-10321
Convert 24b4 (base 16) to base 3.
110220000
What is -2b5d (base 16) in base 12?
-6511
What is 122112 (base 6) in base 7?
43421
Convert -3653 (base 7) to base 4.
-111101
Convert 13024 (base 8) to base 12.
3330
What is 29a (base 16) in base 9?
820
5967 (base 12) to base 15
2e7a
What is 11202 (base 4) in base 16?
162
What is 435 (base 8) in base 2?
100011101
Convert 1101011000 (base 2) to base 13.
50b
Convert -3418 (base 11) to base 14.
-18d2
-18413 (base 9) to base 7
-52053
-15 (base 10) to base 12
-13
What is -223 (base 13) in base 12?
-267
What is 2013 (base 9) in base 14?
770
Convert 11212021 (base 3) to base 2.
110111011000
Convert -1513 (base 8) to base 16.
-34b
Convert 790 (base 15) to base 4.
122232
Convert -b59 (base 13) to base 14.
-9c1
Convert -2356 (base 12) to base 11.
-2a75
What is -262 (base 14) in base 15?
-21d
Convert -20441 (base 5) to base 9.
-1783
-1333013 (base 4) to base 14
-2d71
Convert d70 (base 14) to base 12.
1646
Convert 1135 (base 7) to base 4.
12202
26e5 (base 15) to base 5
231230
Convert 1000010100 (base 2) to base 5.
4112
What is 350141 (base 6) in base 5?
1423434
-212211 (base 3) to base 5
-10033
What is -211546 (base 7) in base 3?
-1212020221
What is 11343 (base 6) in base 9?
2230
Convert -5324 (base 7) to base 10.
-1880
What is -11200 (base 6) in base 3?
-2011200
-7558 (base 12) to base 9
-18605
Convert -6523 (base 7) to base 15.
-a4a
700 (base 8) to base 6
2024
25221 (base 11) to base 16
8d6a
Convert -507 (base 14) to base 9.
-1316
What is -13950 (base 11) in base 6?
-231322
What is -3366 (base 7) in base 2?
-10011001000
Convert -16476 (base 8) to base 16.
-1d3e
-3011223 (base 4) to base 10
-12651
Convert -494 (base 14) to base 4.
-32102
What is 10425 (base 6) in base 2?
10110110001
-2547 (base 8) to base 16
-567
Convert -6c1c (base 14) to base 8.
-44632
Convert 740 (base 10) to base 9.
1012
Convert -21386 (base 9) to base 3.
-201102220
4478 (base 11) to base 10
5893
-43254 (base 7) to base 13
-4b96
Convert 850 (base 9) to base 8.
1265
231 (base 9) to base 14
d8
Convert 738 (base 16) to base 6.
12320
104234 (base 6) to base 12
507a
-10120 (base 7) to base 9
-3337
Convert 14363 (base 7) to base 12.
2365
What is 6265 (base 10) in base 2?
1100001111001
3134 (base 14) to base 4
2010122
What is -438 (base 11) in base 3?
-201110
What is -31751 (base 9) in base 16?
-5221
What is 101011001 (base 2) in base 10?
345
-2635 (base 7) to base 2
-1111101110
What is -1122020 (base 3) in base 6?
-5310
What is -33500 (base 9) in base 2?
-101011100000011
Convert -10021 (base 4) to base 3.
-100211
21204 (base 5) to base 13
85c
What is -445 (base 11) in base 2?
-1000010101
What is -1594 (base 13) in base 3?
-11100011
What is -21571 (base 10) in base 16?
-5443
Convert 1001100011 (base 2) to base 10.
611
10468 (base 10) to base 16
28e4
Convert 230112 (base 4) to base 16.
b16
Convert 1441113 (base 5) to base 10.
30783
What is -2556 (base 12) in base 11?
-3207
-493 (base 11) to base 3
-210201
What is 1303430 (base 5) in base 2?
110001110010010
What is -1450 (base 6) in base 15?
-1b0
What is 19903 (base 13) in base 12?
24a2a
Convert -22132 (base 4) to base 7.
-1645
Convert -2130 (base 5) to base 14.
-16a
Convert 2112212 (base 3) to base 2.
11101000011
What is -7b (base 13) in base 11?
-93
Convert -2138 (base 9) to base 3.
-2011022
Convert -3c8a (base 14) to base 10.
-10706
What is -587 (base 11) in base 14?
-380
What is -3e4 (base 15) in base 6?
-4041
What is -121 (base 3) in base 12?
-14
Convert -13cf (base 16) to base 3.
-20221211
-434204 (base 5) to base 13
-6a45
Convert 313201 (base 4) to base 3.
11212121
-41183 (base 10) to base 3
-2002111022
40aa (base 11) to base 9
7418
What is -1201114 (base 6) in base 3?
-10011200201
-1306 (base 7) to base 14
-276
Convert -6200 (base 8) to base 6.
-22452
-1f38 (base 16) to base 8
-17470
What is 129a8 (base 14) in base 16?
b2f8
What is 110 (base 8) in base 14?
52
What is 111112 (base 3) in base 11?
302
1634 (base 8) to base 14
4a0
Convert -4067 (base 9) to base 10.
-2977
What is -10010101100010 (base 2) in base 4?
-2111202
441 (base 9) to base 3
111101
What is -1393 (base 10) in base 2?
-10101110001
What is 22534 (base 8) in base 16?
255c
Convert 2b1 (base 15) to base 7.
1540
311112 (base 4) to base 2
110101010110
-22020 (base 6) to base 5
-44121
What is -311011 (base 4) in base 16?
-d45
1048 (base 13) to base 11
1772
1101 (base 7) to base 11
328
What is -32ab (base 16) in base 12?
-760b
Convert -348 (base 16) to base 12.
-5a0
258 (base 12) to base 4
11210
-40414 (base 6) to base 13
-2578
What is 9096 (base 10) in base 9?
13426
Convert -332 (base 13) to base 3.
-202022
-164241 (base 7) to base 9
-48776
What is 45301 (base 8) in base 2?
100101011000001
What is -110201011 (base 3) in base 8?
-22061
Convert -25 (base 6) to base 11.
-16
Convert -1563 (base 7) to base 3.
-212110
-1001001111 (base 2) to base 12
-413
Convert 8a5 (base 13) to base 12.
a3b
What is 3516 (base 7) in base 16?
507
-10011010011010 (base 2) to base 9
-14500
What is 1010111101 (base 2) in base 15?
31b
What is 1354 (base 14) in base 16?
d4e
Convert -21603 (base 7) to base 6.
-41110
Convert -3550 (base 8) to base 12.
-1120
What is -110110100100 (base 2) in base 5?
-102432
Convert 54344 (base 6) to base 5.
214410
What is 31242 (base 8) in base 14?
4a1c
Convert 324 (base 12) to base 11.
389
What is 10110110 (base 2) in base 7?
350
Convert -9a (base 13) to base 16.
-7f
What is -e5 (base 15) in base 3?
-21222
What is -22420 (base 5) in base 7?
-4460
What is 150 (base 10) in base 11?
127
What is -30845 (base 12) in base 11?
-43709
What is 21656 (base 8) in base 12?
5352
1240 (base 6) to base 9
376
Convert -10b (base 12) to base 11.
-131
What is 25746 (base 8) in base 14?
414a
2231 (base 5) to base 9
381
Convert 17b (base 14) to base 12.
215
What is -10355 (base 7) in base 16?
-a1c
201322 (base 4) to base 7
6220
What is -401 (base 7) in base 6?
-525
2886 (base 9) to base 11
1706
What is 1a8 (base 11) in base 3?
22212
Convert -2db8 (base 15) to base 6.
-113332
Convert -162a (base 15) to base 16.
-129d
Convert -214 (base 13) to base 7.
-1015
What is 101110 (base 2) in base 9?
51
-41 (base 8) to base 5
-113
What is 1642 (base 8) in base 5?
12210
-4002242 (base 5) to base 6
-1202502
What is 250053 (base 6) in base 12?
10929
What is -201532 (base 6) in base 4?
-3321200
What is 422 (base 13) in base 4?
23000
Convert -1000011010110 (base 2) to base 6.
-31542
What is 132122 (base 6) in base 12?
7042
Convert 563 (base 14) to base 5.
13232
Convert -3264 (base 7) to base 11.
-977
What is 2663 (base 8) in base 7?
4153
1130 (base 14) to base 11
2271
-12011 (base 4) to base 7
-1064
3956 (base 12) to base 4
1212102
2a75 (base 16) to base 10
10869
What is 4a5 (base 14) in base 8?
1641
What is 2255 (base 11) in base 15?
d29
913 (base 13) to base 11
1178
Convert -16ada (base 14) to base 5.
-3311112
-1010000001 (base 2) to base 5
-10031
What is 503a (base 11) in base 12?
3a62
Convert 4d49 (base 15) to base 13.
767a
Convert bb9 (base 15) to base 16.
a59
What is -195 (base 11) in base 7?
-441
Convert -75 (base 12) to base 4.
-1121
Convert -102244 (base 6) to base 8.
-20164
Convert 1201 (base 10) to base 15.
551
Convert -192 (base 10) to base 12.
-140
586 (base 9) to base 8
743
-24756 (base 12) to base 8
-140462
What is 63b (base 12) in base 3?
1020202
What is 6477 (base 10) in base 7?
24612
-10010111 (base 2) to base 14
-ab
Convert 6b31 (base 12) to base 4.
2323111
-1022 (base 6) to base 8
-346
What is 311102 (base 4) in base 13?
1724
What is -121100 (base 3) in base 14?
-237
Convert -1000100101 (base 2) to base 3.
-202100
Convert 21211 (base 3) to base 14.
111
4251 (base 7) to base 8
2742
-1001011110100000 (base 2) to base 9
-58218
-14501 (base 8) to base 14
-24db
What is -836 (base 11) in base 14?
-51d
What is 1110232 (base 4) in base 15?
1917
-134344 (base 5) to base 8
-12737
What is -2125 (base 6) in base 4?
-13211
Convert -1001000010